{"id":130,"date":"2023-01-05T00:43:41","date_gmt":"2023-01-04T23:43:41","guid":{"rendered":"https:\/\/www.fg-berlin.eu\/blogs\/nuitduc0de\/?page_id=130"},"modified":"2025-05-27T17:29:03","modified_gmt":"2025-05-27T15:29:03","slug":"nuit-du-c0de-2022","status":"publish","type":"page","link":"https:\/\/www.fg-berlin.eu\/blogs\/nuitduc0de\/","title":{"rendered":"Nuit du c0de 2025"},"content":{"rendered":"\n<div class=\"wp-block-columns is-layout-flex wp-container-core-columns-is-layout-9d6595d7 wp-block-columns-is-layout-flex\">\n<div class=\"wp-block-column is-layout-flow wp-block-column-is-layout-flow\">\n<figure class=\"wp-block-image size-full\"><img loading=\"lazy\" decoding=\"async\" width=\"248\" height=\"248\" src=\"http:\/\/www.fg-berlin.eu\/blogs\/nuitduc0de\/wp-content\/uploads\/sites\/32\/2025\/05\/cropped-2025-NDC800.png\" alt=\"\" class=\"wp-image-309\" srcset=\"https:\/\/www.fg-berlin.eu\/blogs\/nuitduc0de\/wp-content\/uploads\/sites\/32\/2025\/05\/cropped-2025-NDC800.png 248w, https:\/\/www.fg-berlin.eu\/blogs\/nuitduc0de\/wp-content\/uploads\/sites\/32\/2025\/05\/cropped-2025-NDC800-150x150.png 150w\" sizes=\"auto, (max-width: 248px) 100vw, 248px\" \/><\/figure>\n<\/div>\n\n\n\n<div class=\"wp-block-column is-layout-flow wp-block-column-is-layout-flow\">\n<figure class=\"wp-block-image size-full\"><img loading=\"lazy\" decoding=\"async\" width=\"1024\" height=\"1024\" src=\"http:\/\/www.fg-berlin.eu\/blogs\/nuitduc0de\/wp-content\/uploads\/sites\/32\/2025\/05\/2025-NDC-Scratch.png\" alt=\"\" class=\"wp-image-313\" srcset=\"https:\/\/www.fg-berlin.eu\/blogs\/nuitduc0de\/wp-content\/uploads\/sites\/32\/2025\/05\/2025-NDC-Scratch.png 1024w, https:\/\/www.fg-berlin.eu\/blogs\/nuitduc0de\/wp-content\/uploads\/sites\/32\/2025\/05\/2025-NDC-Scratch-300x300.png 300w, https:\/\/www.fg-berlin.eu\/blogs\/nuitduc0de\/wp-content\/uploads\/sites\/32\/2025\/05\/2025-NDC-Scratch-150x150.png 150w, https:\/\/www.fg-berlin.eu\/blogs\/nuitduc0de\/wp-content\/uploads\/sites\/32\/2025\/05\/2025-NDC-Scratch-768x768.png 768w\" sizes=\"auto, (max-width: 1024px) 100vw, 1024px\" \/><\/figure>\n<\/div>\n\n\n\n<div class=\"wp-block-column is-layout-flow wp-block-column-is-layout-flow\">\n<figure class=\"wp-block-image size-full\"><img loading=\"lazy\" decoding=\"async\" width=\"1024\" height=\"1024\" src=\"http:\/\/www.fg-berlin.eu\/blogs\/nuitduc0de\/wp-content\/uploads\/sites\/32\/2025\/05\/2025-NDC-Python.png\" alt=\"\" class=\"wp-image-314\" srcset=\"https:\/\/www.fg-berlin.eu\/blogs\/nuitduc0de\/wp-content\/uploads\/sites\/32\/2025\/05\/2025-NDC-Python.png 1024w, https:\/\/www.fg-berlin.eu\/blogs\/nuitduc0de\/wp-content\/uploads\/sites\/32\/2025\/05\/2025-NDC-Python-300x300.png 300w, https:\/\/www.fg-berlin.eu\/blogs\/nuitduc0de\/wp-content\/uploads\/sites\/32\/2025\/05\/2025-NDC-Python-150x150.png 150w, https:\/\/www.fg-berlin.eu\/blogs\/nuitduc0de\/wp-content\/uploads\/sites\/32\/2025\/05\/2025-NDC-Python-768x768.png 768w\" sizes=\"auto, (max-width: 1024px) 100vw, 1024px\" \/><\/figure>\n<\/div>\n<\/div>\n\n\n\n<p><\/p>\n\n\n\n<div class=\"wp-block-columns is-layout-flex wp-container-core-columns-is-layout-9d6595d7 wp-block-columns-is-layout-flex\">\n<div class=\"wp-block-column is-layout-flow wp-block-column-is-layout-flow\">\n<p>La&nbsp;<strong>nuit du c0de<\/strong>&nbsp;est un concours de programmation organis\u00e9 par le&nbsp;<a href=\"https:\/\/www.lfitokyo.org\" data-type=\"URL\" data-id=\"https:\/\/www.lfitokyo.org\">Lyc\u00e9e Fran\u00e7ais international de Tokyo<\/a>. Il s\u2019agit pour les \u00e9l\u00e8ves participants (\u00e9quipes de 2 ou 3 \u00e9l\u00e8ves r\u00e9parties en 2 cat\u00e9gories : coll\u00e9giens et lyc\u00e9ens) de <strong>programmer enti\u00e8rement un jeu avec le logiciel Scratch<\/strong> ou bien <strong>en python (librairie pyxel)<\/strong> partir d\u2019un univers de jeu fourni.<\/p>\n\n\n\n<p><\/p>\n\n\n\n<p><strong>pr\u00e9-requis : une bonne connaissance de scratch et\/ou du langage python et de la motivation !<\/strong><\/p>\n\n\n\n<h4 class=\"wp-block-heading\"><mark style=\"background-color:#f4ca16\" class=\"has-inline-color has-dark-gray-color\"><a href=\"https:\/\/www.fg-berlin.eu\/blogs\/nuitduc0de\/2025\/05\/27\/les-eleves-du-lycee-francais-de-berlin-participent-a-la-nuit-du-code\/\" data-type=\"post\" data-id=\"337\">L&rsquo;\u00e9preuve a eu lieu le samedi 24 mai.<\/a><\/mark><\/h4>\n\n\n\n<figure class=\"wp-block-image size-full\"><a href=\"https:\/\/www.fg-berlin.eu\/blogs\/nuitduc0de\/2025\/05\/27\/les-eleves-du-lycee-francais-de-berlin-participent-a-la-nuit-du-code\/\"><img loading=\"lazy\" decoding=\"async\" width=\"1024\" height=\"768\" src=\"http:\/\/www.fg-berlin.eu\/blogs\/nuitduc0de\/wp-content\/uploads\/sites\/32\/2025\/05\/image6-1.jpeg\" alt=\"\" class=\"wp-image-361\" srcset=\"https:\/\/www.fg-berlin.eu\/blogs\/nuitduc0de\/wp-content\/uploads\/sites\/32\/2025\/05\/image6-1.jpeg 1024w, https:\/\/www.fg-berlin.eu\/blogs\/nuitduc0de\/wp-content\/uploads\/sites\/32\/2025\/05\/image6-1-300x225.jpeg 300w, https:\/\/www.fg-berlin.eu\/blogs\/nuitduc0de\/wp-content\/uploads\/sites\/32\/2025\/05\/image6-1-768x576.jpeg 768w\" sizes=\"auto, (max-width: 1024px) 100vw, 1024px\" \/><\/a><\/figure>\n<\/div>\n\n\n\n<div class=\"wp-block-column is-layout-flow wp-block-column-is-layout-flow\">\n<p>La <strong>nuit du c0de<\/strong> ist ein Programmierwettbewerb, der vom <a href=\"https:\/\/www.lfitokyo.org\">Lyc\u00e9e Fran\u00e7ais international de Tokyo<\/a> organisiert wird. Die teilnehmenden Sch\u00fcler (Teams von 2 oder 3 Sch\u00fclern in zwei Kategorien: Mittelstufe und Oberstufe) m\u00fcssen <strong>ein Spiel mit der Software Scratch oder in Python (pyxel-Bibliothek) anhand einer vorgegebenen Spielwelt programmieren.<\/strong><\/p>\n\n\n\n<p><strong>voraussetzungen: gute kenntnisse von scratch und\/oder python und motivation!<\/strong><\/p>\n\n\n\n<h4 class=\"wp-block-heading\"><mark style=\"background-color:#f4ca16\" class=\"has-inline-color has-dark-gray-color\"><a href=\"https:\/\/www.fg-berlin.eu\/blogs\/nuitduc0de\/2025\/05\/27\/les-eleves-du-lycee-francais-de-berlin-participent-a-la-nuit-du-code\/\" data-type=\"post\" data-id=\"337\">Der Wettbewerb fand am Samstag, dem 24. Mai, statt.<\/a><\/mark><\/h4>\n\n\n\n<figure class=\"wp-block-image size-full\"><a href=\"https:\/\/www.fg-berlin.eu\/blogs\/nuitduc0de\/2025\/05\/27\/les-eleves-du-lycee-francais-de-berlin-participent-a-la-nuit-du-code\/\"><img loading=\"lazy\" decoding=\"async\" width=\"1024\" height=\"768\" src=\"http:\/\/www.fg-berlin.eu\/blogs\/nuitduc0de\/wp-content\/uploads\/sites\/32\/2025\/05\/IMG_20250524_124330-1.jpg\" alt=\"\" class=\"wp-image-356\" srcset=\"https:\/\/www.fg-berlin.eu\/blogs\/nuitduc0de\/wp-content\/uploads\/sites\/32\/2025\/05\/IMG_20250524_124330-1.jpg 1024w, https:\/\/www.fg-berlin.eu\/blogs\/nuitduc0de\/wp-content\/uploads\/sites\/32\/2025\/05\/IMG_20250524_124330-1-300x225.jpg 300w, https:\/\/www.fg-berlin.eu\/blogs\/nuitduc0de\/wp-content\/uploads\/sites\/32\/2025\/05\/IMG_20250524_124330-1-768x576.jpg 768w\" sizes=\"auto, (max-width: 1024px) 100vw, 1024px\" \/><\/a><\/figure>\n<\/div>\n<\/div>\n\n\n\n<p><\/p>\n\n\n\n<div class=\"wp-block-buttons is-layout-flex wp-block-buttons-is-layout-flex\">\n<div class=\"wp-block-button\"><a class=\"wp-block-button__link wp-element-button\" href=\"https:\/\/www.nuitducode.net\">Site officiel du concours<\/a><\/div>\n<\/div>\n\n\n\n<p><\/p>\n","protected":false},"excerpt":{"rendered":"<p>La&nbsp;nuit du c0de&nbsp;est un concours de programmation organis\u00e9 par le&nbsp;Lyc\u00e9e Fran\u00e7ais international de Tokyo. Il s\u2019agit pour les \u00e9l\u00e8ves participants (\u00e9quipes de 2 ou 3 \u00e9l\u00e8ves r\u00e9parties en 2 cat\u00e9gories : coll\u00e9giens et lyc\u00e9ens) de programmer enti\u00e8rement un jeu avec le logiciel Scratch ou bien en python (librairie pyxel) partir d\u2019un univers de jeu fourni. &hellip; <a href=\"https:\/\/www.fg-berlin.eu\/blogs\/nuitduc0de\/\" class=\"more-link\">Continuer la lecture de <span class=\"screen-reader-text\">Nuit du c0de 2025<\/span><\/a><\/p>\n","protected":false},"author":2,"featured_media":0,"parent":0,"menu_order":0,"comment_status":"closed","ping_status":"closed","template":"","meta":{"footnotes":""},"class_list":["post-130","page","type-page","status-publish","hentry"],"_links":{"self":[{"href":"https:\/\/www.fg-berlin.eu\/blogs\/nuitduc0de\/wp-json\/wp\/v2\/pages\/130","targetHints":{"allow":["GET"]}}],"collection":[{"href":"https:\/\/www.fg-berlin.eu\/blogs\/nuitduc0de\/wp-json\/wp\/v2\/pages"}],"about":[{"href":"https:\/\/www.fg-berlin.eu\/blogs\/nuitduc0de\/wp-json\/wp\/v2\/types\/page"}],"author":[{"embeddable":true,"href":"https:\/\/www.fg-berlin.eu\/blogs\/nuitduc0de\/wp-json\/wp\/v2\/users\/2"}],"replies":[{"embeddable":true,"href":"https:\/\/www.fg-berlin.eu\/blogs\/nuitduc0de\/wp-json\/wp\/v2\/comments?post=130"}],"version-history":[{"count":26,"href":"https:\/\/www.fg-berlin.eu\/blogs\/nuitduc0de\/wp-json\/wp\/v2\/pages\/130\/revisions"}],"predecessor-version":[{"id":374,"href":"https:\/\/www.fg-berlin.eu\/blogs\/nuitduc0de\/wp-json\/wp\/v2\/pages\/130\/revisions\/374"}],"wp:attachment":[{"href":"https:\/\/www.fg-berlin.eu\/blogs\/nuitduc0de\/wp-json\/wp\/v2\/media?parent=130"}],"curies":[{"name":"wp","href":"https:\/\/api.w.org\/{rel}","templated":true}]}}