{"id":272,"date":"2020-11-20T11:00:05","date_gmt":"2020-11-20T10:00:05","guid":{"rendered":"http:\/\/www.fg-berlin.eu\/blogs\/langues-anciennes\/?page_id=272"},"modified":"2020-11-21T08:17:14","modified_gmt":"2020-11-21T07:17:14","slug":"bienvenue","status":"publish","type":"page","link":"https:\/\/www.fg-berlin.eu\/blogs\/langues-anciennes\/accueil\/bienvenue\/","title":{"rendered":"Bienvenue sur le site des langues anciennes au FG"},"content":{"rendered":"\n<p class=\"has-drop-cap\">Cari discipuli,&nbsp;<br><br>Voici le&nbsp;tout&nbsp;nouveau site du FG consacr\u00e9 aux langues anciennes. Il vient de na\u00eetre et est encore amen\u00e9 \u00e0 \u00e9voluer.<br><br>Vous y trouverez des&nbsp;<strong>documents<\/strong>&nbsp;\u00e0 t\u00e9l\u00e9charger qui pourront vous aider dans votre travail et vos r\u00e9visions, des informations sur les&nbsp;<strong>programmes<\/strong>&nbsp;du lyc\u00e9e, des&nbsp;<strong>liens utiles<\/strong>&nbsp;vers des sites int\u00e9ressants, des liens vers l\u2019application&nbsp;<strong>Quizlet<\/strong>&nbsp;pour apprendre et r\u00e9viser le vocabulaire.<br>Nous esp\u00e9rons que vous y trouverez de quoi satisfaire votre curiosit\u00e9.<\/p>\n\n\n\n<p>Navigate bene !<\/p>\n\n\n\n<p>L\u2019\u00e9quipe de Lettres Classiques du FG.<\/p>\n\n\n\n<hr class=\"wp-block-separator is-style-wide\" \/>\n\n\n\n<div class=\"wp-block-buttons is-layout-flex wp-block-buttons-is-layout-flex\">\n<div class=\"wp-block-button\"><a class=\"wp-block-button__link\" href=\"https:\/\/www.fg-berlin.eu\/blogs\/langues-anciennes\/evenements\/\">Latin<\/a><\/div>\n\n\n\n<div class=\"wp-block-button\"><a class=\"wp-block-button__link\" href=\"https:\/\/www.fg-berlin.eu\/blogs\/langues-anciennes\/grec\/\">Grec<\/a><\/div>\n\n\n\n<div class=\"wp-block-button\"><a class=\"wp-block-button__link\" href=\"https:\/\/www.fg-berlin.eu\/blogs\/langues-anciennes\/programmes-du-lycee\/\">Programmes<\/a><\/div>\n<\/div>\n\n\n\n<div class=\"wp-block-buttons is-layout-flex wp-block-buttons-is-layout-flex\">\n<div class=\"wp-block-button\"><a class=\"wp-block-button__link\" href=\"https:\/\/www.fg-berlin.eu\/blogs\/langues-anciennes\/coin-culture\/\">Coin culture<\/a><\/div>\n\n\n\n<div class=\"wp-block-button\"><a class=\"wp-block-button__link\" href=\"https:\/\/www.fg-berlin.eu\/blogs\/langues-anciennes\/liens-interessants\/\">Liens<\/a><\/div>\n\n\n\n<div class=\"wp-block-button\"><a class=\"wp-block-button__link\" href=\"https:\/\/www.fg-berlin.eu\/blogs\/langues-anciennes\/a-propos\/\">\u00c0 propos<\/a><\/div>\n<\/div>\n","protected":false},"excerpt":{"rendered":"<p>Cari discipuli,&nbsp; Voici le&nbsp;tout&nbsp;nouveau site du FG consacr\u00e9 aux langues anciennes. Il vient de na\u00eetre et est encore amen\u00e9 \u00e0 \u00e9voluer. Vous y trouverez des&nbsp;documents&nbsp;\u00e0 t\u00e9l\u00e9charger qui pourront vous aider dans votre travail et vos r\u00e9visions, des informations sur les&nbsp;programmes&nbsp;du lyc\u00e9e, des&nbsp;liens utiles&nbsp;vers des sites int\u00e9ressants, des liens vers l\u2019application&nbsp;Quizlet&nbsp;pour [&hellip;]<\/p>\n","protected":false},"author":580,"featured_media":0,"parent":52,"menu_order":0,"comment_status":"closed","ping_status":"closed","template":"","meta":{"footnotes":""},"class_list":["post-272","page","type-page","status-publish","hentry"],"_links":{"self":[{"href":"https:\/\/www.fg-berlin.eu\/blogs\/langues-anciennes\/wp-json\/wp\/v2\/pages\/272","targetHints":{"allow":["GET"]}}],"collection":[{"href":"https:\/\/www.fg-berlin.eu\/blogs\/langues-anciennes\/wp-json\/wp\/v2\/pages"}],"about":[{"href":"https:\/\/www.fg-berlin.eu\/blogs\/langues-anciennes\/wp-json\/wp\/v2\/types\/page"}],"author":[{"embeddable":true,"href":"https:\/\/www.fg-berlin.eu\/blogs\/langues-anciennes\/wp-json\/wp\/v2\/users\/580"}],"replies":[{"embeddable":true,"href":"https:\/\/www.fg-berlin.eu\/blogs\/langues-anciennes\/wp-json\/wp\/v2\/comments?post=272"}],"version-history":[{"count":6,"href":"https:\/\/www.fg-berlin.eu\/blogs\/langues-anciennes\/wp-json\/wp\/v2\/pages\/272\/revisions"}],"predecessor-version":[{"id":415,"href":"https:\/\/www.fg-berlin.eu\/blogs\/langues-anciennes\/wp-json\/wp\/v2\/pages\/272\/revisions\/415"}],"up":[{"embeddable":true,"href":"https:\/\/www.fg-berlin.eu\/blogs\/langues-anciennes\/wp-json\/wp\/v2\/pages\/52"}],"wp:attachment":[{"href":"https:\/\/www.fg-berlin.eu\/blogs\/langues-anciennes\/wp-json\/wp\/v2\/media?parent=272"}],"curies":[{"name":"wp","href":"https:\/\/api.w.org\/{rel}","templated":true}]}}