{"id":245,"date":"2020-11-20T09:35:54","date_gmt":"2020-11-20T08:35:54","guid":{"rendered":"http:\/\/www.fg-berlin.eu\/blogs\/langues-anciennes\/?page_id=245"},"modified":"2020-11-24T09:28:13","modified_gmt":"2020-11-24T08:28:13","slug":"coin-culture","status":"publish","type":"page","link":"https:\/\/www.fg-berlin.eu\/blogs\/langues-anciennes\/coin-culture\/","title":{"rendered":"Coin culture"},"content":{"rendered":"\n<p id=\"sites-page-title-header\">Vous trouverez sur cette page des conseils de lecture.<\/p>\n\n\n\n<h3 class=\"has-accent-color has-text-color wp-block-heading\">Ouvrages scientifiques<\/h3>\n\n\n\n<div class=\"wp-block-media-text alignwide is-stacked-on-mobile\"><figure class=\"wp-block-media-text__media\"><img loading=\"lazy\" decoding=\"async\" width=\"300\" height=\"485\" src=\"https:\/\/www.fg-berlin.eu\/blogs\/langues-anciennes\/wp-content\/uploads\/sites\/31\/2020\/11\/9782253135494.jpg\" alt=\"\" class=\"wp-image-342\" srcset=\"https:\/\/www.fg-berlin.eu\/blogs\/langues-anciennes\/wp-content\/uploads\/sites\/31\/2020\/11\/9782253135494.jpg 300w, https:\/\/www.fg-berlin.eu\/blogs\/langues-anciennes\/wp-content\/uploads\/sites\/31\/2020\/11\/9782253135494-186x300.jpg 186w\" sizes=\"auto, (max-width: 300px) 100vw, 300px\" \/><\/figure><div class=\"wp-block-media-text__content\">\n<ul class=\"wp-block-list\" id=\"block-362e0589-876b-4929-85cd-1369d6abd591\"><li><em>Pourquoi la Gr\u00e8ce&nbsp;?<\/em> &#8211; &nbsp;Jacqueline de Romilly.<\/li><li><em>L&rsquo;univers, les dieux, les hommes&nbsp;&#8211; <\/em>Jean-Pierre Vernant<\/li><li><em>Petites le\u00e7ons sur le grec ancien&nbsp;<\/em>&#8211; Jacqueline de Romily, Monique Tr\u00e9d\u00e9<\/li><li><em>Dictionnaire de l&rsquo;Antiquit\u00e9&nbsp;<\/em>&#8211; M.C Howatson<\/li><li><em>Pr\u00e9cis de litt\u00e9rature grecque<\/em>&nbsp;&#8211; Jacqueline de Romilly<\/li><li><em>Une journ\u00e9e dans la Rome antique<\/em>&nbsp;&#8211; Alberto Agnela&nbsp;:<br>par une belle journ\u00e9e de l&rsquo;an 115, un visiteur pas comme les autres sillonne la capitale d&rsquo;un empire alors \u00e0 son apog\u00e9e et nous fait partager le quotidien des habitants, des esclaves aux riches patriciens.<\/li><\/ul>\n\n\n\n<div class=\"wp-block-image\"><figure class=\"aligncenter size-large\"><img loading=\"lazy\" decoding=\"async\" width=\"220\" height=\"322\" src=\"https:\/\/www.fg-berlin.eu\/blogs\/langues-anciennes\/wp-content\/uploads\/sites\/31\/2020\/11\/9782228924870.jpg\" alt=\"\" class=\"wp-image-344\" srcset=\"https:\/\/www.fg-berlin.eu\/blogs\/langues-anciennes\/wp-content\/uploads\/sites\/31\/2020\/11\/9782228924870.jpg 220w, https:\/\/www.fg-berlin.eu\/blogs\/langues-anciennes\/wp-content\/uploads\/sites\/31\/2020\/11\/9782228924870-205x300.jpg 205w\" sizes=\"auto, (max-width: 220px) 100vw, 220px\" \/><\/figure><\/div>\n<\/div><\/div>\n\n\n\n<hr class=\"wp-block-separator\" \/>\n\n\n\n<h3 class=\"has-accent-color has-text-color wp-block-heading\">Romans<\/h3>\n\n\n\n<div class=\"wp-block-media-text alignwide has-media-on-the-right is-stacked-on-mobile\"><figure class=\"wp-block-media-text__media\"><img loading=\"lazy\" decoding=\"async\" width=\"195\" height=\"322\" src=\"https:\/\/www.fg-berlin.eu\/blogs\/langues-anciennes\/wp-content\/uploads\/sites\/31\/2020\/11\/51BLMHTqNqL._SX195_.jpg\" alt=\"\" class=\"wp-image-345\" srcset=\"https:\/\/www.fg-berlin.eu\/blogs\/langues-anciennes\/wp-content\/uploads\/sites\/31\/2020\/11\/51BLMHTqNqL._SX195_.jpg 195w, https:\/\/www.fg-berlin.eu\/blogs\/langues-anciennes\/wp-content\/uploads\/sites\/31\/2020\/11\/51BLMHTqNqL._SX195_-182x300.jpg 182w\" sizes=\"auto, (max-width: 195px) 100vw, 195px\" \/><\/figure><div class=\"wp-block-media-text__content\">\n<p>La s\u00e9rie de romans policiers de <strong>Petros Markaris<\/strong>\u00a0sur l&rsquo;Ath\u00e8nes moderne en temps de crise \u00e9conomique\u00a0:<\/p>\n\n\n\n<ul class=\"wp-block-list\" id=\"block-4435e8b9-4d01-4465-b6f9-16cbb0c7d276\"><li><em>Liquidations \u00e0 la grecque<\/em><\/li><li><em>L&#8217;empoisonneuse d&rsquo;Istanbul<\/em><\/li><li><em>Pain, \u00e9ducation, libert\u00e9<\/em><\/li><li><em>Le justicier d&rsquo;Ath\u00e8nes<\/em><\/li><li><em>Epilogue meurtrier<\/em><\/li><\/ul>\n\n\n\n<p><em><strong>Alexis Zorba\u00a0&#8211; <\/strong><\/em><strong>Nikos Kazantzaki<\/strong><br>\u00ab\u00a0Avec beaucoup de talent, Kazantzaki a dot\u00e9 Zorba d\u2019une bonhomie naturelle, d\u2019une souriante philosophie de la vie, qui font d\u00e9faut aux aigris.\u00a0\u00bb <em>Le Monde<\/em><\/p>\n\n\n\n<div class=\"wp-block-image\"><figure class=\"aligncenter size-large\"><a href=\"https:\/\/www.franceinter.fr\/emissions\/ca-peut-pas-faire-de-mal\/ca-peut-pas-faire-de-mal-28-septembre-2019\"><img loading=\"lazy\" decoding=\"async\" width=\"250\" height=\"410\" src=\"https:\/\/www.fg-berlin.eu\/blogs\/langues-anciennes\/wp-content\/uploads\/sites\/31\/2020\/11\/bm_CVT_Alexis-Zorba_1969.jpg\" alt=\"\" class=\"wp-image-346\" srcset=\"https:\/\/www.fg-berlin.eu\/blogs\/langues-anciennes\/wp-content\/uploads\/sites\/31\/2020\/11\/bm_CVT_Alexis-Zorba_1969.jpg 250w, https:\/\/www.fg-berlin.eu\/blogs\/langues-anciennes\/wp-content\/uploads\/sites\/31\/2020\/11\/bm_CVT_Alexis-Zorba_1969-183x300.jpg 183w\" sizes=\"auto, (max-width: 250px) 100vw, 250px\" \/><\/a><\/figure><\/div>\n<\/div><\/div>\n\n\n\n<hr class=\"wp-block-separator\" \/>\n\n\n\n<h3 class=\"has-accent-color has-text-color wp-block-heading\">Manga<\/h3>\n\n\n\n<div class=\"wp-block-media-text alignwide has-media-on-the-right is-stacked-on-mobile\"><figure class=\"wp-block-media-text__media\"><img loading=\"lazy\" decoding=\"async\" width=\"433\" height=\"600\" src=\"https:\/\/www.fg-berlin.eu\/blogs\/langues-anciennes\/wp-content\/uploads\/sites\/31\/2020\/11\/as-astra-1-ki-oon.jpg\" alt=\"\" class=\"wp-image-329\" srcset=\"https:\/\/www.fg-berlin.eu\/blogs\/langues-anciennes\/wp-content\/uploads\/sites\/31\/2020\/11\/as-astra-1-ki-oon.jpg 433w, https:\/\/www.fg-berlin.eu\/blogs\/langues-anciennes\/wp-content\/uploads\/sites\/31\/2020\/11\/as-astra-1-ki-oon-217x300.jpg 217w\" sizes=\"auto, (max-width: 433px) 100vw, 433px\" \/><\/figure><div class=\"wp-block-media-text__content\">\n<h4 class=\"wp-block-heading\"><em>Ad Astra&nbsp;<\/em>&#8211; Kagano Mihachi<\/h4>\n\n\n\n<p>Ce manga pr\u00e9sente un r\u00e9cit de la 2e guerre punique qui opposa Scipion l&rsquo;Africain et Hannibal Barca. <br>En 13 \u00e9pisodes, la bande-dessin\u00e9e creuse la psychologie des personnages et donne vie \u00e0 cet \u00e9pisode c\u00e9l\u00e8bre de l&rsquo;Histoire romaine avec force d\u00e9tails, notamment concernant les batailles, restitu\u00e9es avec dynamisme et pr\u00e9cision.<br>Les diff\u00e9rents volumes de ce manga sont tr\u00e8s vite d\u00e9vor\u00e9s et laissent le sentiment d&rsquo;avoir plong\u00e9 quelque temps dans cet \u00e9pisode crucial de l&rsquo;histoire de Rome, malgr\u00e9 quelques inexactitudes qui passent facilement inaper\u00e7ues et que l&rsquo;on pardonne bien volontiers \u00e0 leur auteur.<\/p>\n\n\n\n<div class=\"wp-block-buttons is-layout-flex wp-block-buttons-is-layout-flex\">\n<div class=\"wp-block-button is-style-fill\"><a class=\"wp-block-button__link\" href=\"https:\/\/www.manga-news.com\/index.php\/serie\/Ad-Astra-Scipion-lafricain-Hanibal-Barca\">Critique<\/a><\/div>\n<\/div>\n<\/div><\/div>\n\n\n\n<div class=\"wp-block-media-text alignwide is-stacked-on-mobile\"><figure class=\"wp-block-media-text__media\"><img loading=\"lazy\" decoding=\"async\" width=\"300\" height=\"168\" src=\"https:\/\/www.fg-berlin.eu\/blogs\/langues-anciennes\/wp-content\/uploads\/sites\/31\/2020\/11\/images.jpeg\" alt=\"\" class=\"wp-image-333\" \/><\/figure><div class=\"wp-block-media-text__content\">\n<h4 class=\"wp-block-heading\">Thermae Romae &#8211; &nbsp;<strong>Mari Yamazaki<\/strong><\/h4>\n\n\n\n<p>Manga surprenant en six volumes o\u00f9 l&rsquo;on suit les aventures d&rsquo;un architecte romain de l&rsquo;\u00e9poque d&rsquo;Hadrien. Apr\u00e8s des pertes de conscience, le h\u00e9ros se r\u00e9veille dans le Japon d&rsquo;aujourd&rsquo;hui. Sp\u00e9cialis\u00e9 dans la conception de thermes, l&rsquo;architecte se laisse influencer par les d\u00e9couvertes faites au Japon. <br>Ce manga conna\u00eet \u00e9galement une adaptation filmique.<\/p>\n<\/div><\/div>\n\n\n\n<div class=\"wp-block-media-text alignfull has-media-on-the-right is-stacked-on-mobile\"><figure class=\"wp-block-media-text__media\"><img loading=\"lazy\" decoding=\"async\" width=\"500\" height=\"430\" src=\"https:\/\/www.fg-berlin.eu\/blogs\/langues-anciennes\/wp-content\/uploads\/sites\/31\/2020\/11\/Mari_Yamazaki_Miki_Tori_03.jpg\" alt=\"\" class=\"wp-image-349\" srcset=\"https:\/\/www.fg-berlin.eu\/blogs\/langues-anciennes\/wp-content\/uploads\/sites\/31\/2020\/11\/Mari_Yamazaki_Miki_Tori_03.jpg 500w, https:\/\/www.fg-berlin.eu\/blogs\/langues-anciennes\/wp-content\/uploads\/sites\/31\/2020\/11\/Mari_Yamazaki_Miki_Tori_03-300x258.jpg 300w\" sizes=\"auto, (max-width: 500px) 100vw, 500px\" \/><\/figure><div class=\"wp-block-media-text__content\">\n<h4 class=\"wp-block-heading\">Pline &#8211; &nbsp;Mari Yamazaki et Miki Tori<\/h4>\n\n\n\n<p>Apr\u00e8s le tr\u00e8s r\u00e9ussi <em>Thermae Romae<\/em>, l&rsquo;auteur s&rsquo;est attel\u00e9 \u00e0 un nouveau projet : la biographie du savant Pline l&rsquo;Ancien en manga. <\/p>\n\n\n\n<p>La s\u00e9rie est encore en cours d&rsquo;\u00e9criture et compte d\u00e9j\u00e0 9 volumes.<\/p>\n\n\n\n<div class=\"wp-block-buttons is-layout-flex wp-block-buttons-is-layout-flex\">\n<div class=\"wp-block-button\"><a class=\"wp-block-button__link\" href=\"https:\/\/www.manga-news.com\/index.php\/serie\/Pline\">Critique<\/a><\/div>\n<\/div>\n<\/div><\/div>\n\n\n\n<figure class=\"wp-block-image alignwide size-large\"><img loading=\"lazy\" decoding=\"async\" width=\"1024\" height=\"560\" src=\"https:\/\/www.fg-berlin.eu\/blogs\/langues-anciennes\/wp-content\/uploads\/sites\/31\/2020\/11\/pline-casterman-annonce-1024x560.jpg\" alt=\"\" class=\"wp-image-337\" srcset=\"https:\/\/www.fg-berlin.eu\/blogs\/langues-anciennes\/wp-content\/uploads\/sites\/31\/2020\/11\/pline-casterman-annonce-1024x560.jpg 1024w, https:\/\/www.fg-berlin.eu\/blogs\/langues-anciennes\/wp-content\/uploads\/sites\/31\/2020\/11\/pline-casterman-annonce-300x164.jpg 300w, https:\/\/www.fg-berlin.eu\/blogs\/langues-anciennes\/wp-content\/uploads\/sites\/31\/2020\/11\/pline-casterman-annonce-768x420.jpg 768w, https:\/\/www.fg-berlin.eu\/blogs\/langues-anciennes\/wp-content\/uploads\/sites\/31\/2020\/11\/pline-casterman-annonce.jpg 1117w\" sizes=\"auto, (max-width: 1024px) 100vw, 1024px\" \/><\/figure>\n\n\n\n<p><\/p>\n","protected":false},"excerpt":{"rendered":"<p>Vous trouverez sur cette page des conseils de lecture. Ouvrages scientifiques Romans Manga Thermae Romae &#8211; &nbsp;Mari Yamazaki Manga surprenant en six volumes o\u00f9 l&rsquo;on suit les aventures d&rsquo;un architecte romain de l&rsquo;\u00e9poque d&rsquo;Hadrien. Apr\u00e8s des pertes de conscience, le h\u00e9ros se r\u00e9veille dans le Japon d&rsquo;aujourd&rsquo;hui. Sp\u00e9cialis\u00e9 dans la [&hellip;]<\/p>\n","protected":false},"author":580,"featured_media":0,"parent":0,"menu_order":0,"comment_status":"closed","ping_status":"closed","template":"","meta":{"footnotes":""},"class_list":["post-245","page","type-page","status-publish","hentry"],"_links":{"self":[{"href":"https:\/\/www.fg-berlin.eu\/blogs\/langues-anciennes\/wp-json\/wp\/v2\/pages\/245","targetHints":{"allow":["GET"]}}],"collection":[{"href":"https:\/\/www.fg-berlin.eu\/blogs\/langues-anciennes\/wp-json\/wp\/v2\/pages"}],"about":[{"href":"https:\/\/www.fg-berlin.eu\/blogs\/langues-anciennes\/wp-json\/wp\/v2\/types\/page"}],"author":[{"embeddable":true,"href":"https:\/\/www.fg-berlin.eu\/blogs\/langues-anciennes\/wp-json\/wp\/v2\/users\/580"}],"replies":[{"embeddable":true,"href":"https:\/\/www.fg-berlin.eu\/blogs\/langues-anciennes\/wp-json\/wp\/v2\/comments?post=245"}],"version-history":[{"count":9,"href":"https:\/\/www.fg-berlin.eu\/blogs\/langues-anciennes\/wp-json\/wp\/v2\/pages\/245\/revisions"}],"predecessor-version":[{"id":350,"href":"https:\/\/www.fg-berlin.eu\/blogs\/langues-anciennes\/wp-json\/wp\/v2\/pages\/245\/revisions\/350"}],"wp:attachment":[{"href":"https:\/\/www.fg-berlin.eu\/blogs\/langues-anciennes\/wp-json\/wp\/v2\/media?parent=245"}],"curies":[{"name":"wp","href":"https:\/\/api.w.org\/{rel}","templated":true}]}}

<p id="sites-page-title-header">Vous trouverez sur cette page des conseils de lecture.</p>



<h3 class="has-accent-color has-text-color wp-block-heading">Ouvrages scientifiques</h3>



<div class="wp-block-media-text alignwide is-stacked-on-mobile"><figure class="wp-block-media-text__media"><img loading="lazy" decoding="async" width="300" height="485" src="https://www.fg-berlin.eu/blogs/langues-anciennes/wp-content/uploads/sites/31/2020/11/9782253135494.jpg" alt="" class="wp-image-342" srcset="https://www.fg-berlin.eu/blogs/langues-anciennes/wp-content/uploads/sites/31/2020/11/9782253135494.jpg 300w, https://www.fg-berlin.eu/blogs/langues-anciennes/wp-content/uploads/sites/31/2020/11/9782253135494-186x300.jpg 186w" sizes="auto, (max-width: 300px) 100vw, 300px" /></figure><div class="wp-block-media-text__content">
<ul class="wp-block-list" id="block-362e0589-876b-4929-85cd-1369d6abd591"><li><em>Pourquoi la Grèce&nbsp;?</em> &#8211; &nbsp;Jacqueline de Romilly.</li><li><em>L&rsquo;univers, les dieux, les hommes&nbsp;&#8211; </em>Jean-Pierre Vernant</li><li><em>Petites leçons sur le grec ancien&nbsp;</em>&#8211; Jacqueline de Romily, Monique Trédé</li><li><em>Dictionnaire de l&rsquo;Antiquité&nbsp;</em>&#8211; M.C Howatson</li><li><em>Précis de littérature grecque</em>&nbsp;&#8211; Jacqueline de Romilly</li><li><em>Une journée dans la Rome antique</em>&nbsp;&#8211; Alberto Agnela&nbsp;:<br>par une belle journée de l&rsquo;an 115, un visiteur pas comme les autres sillonne la capitale d&rsquo;un empire alors à son apogée et nous fait partager le quotidien des habitants, des esclaves aux riches patriciens.</li></ul>



<div class="wp-block-image"><figure class="aligncenter size-large"><img loading="lazy" decoding="async" width="220" height="322" src="https://www.fg-berlin.eu/blogs/langues-anciennes/wp-content/uploads/sites/31/2020/11/9782228924870.jpg" alt="" class="wp-image-344" srcset="https://www.fg-berlin.eu/blogs/langues-anciennes/wp-content/uploads/sites/31/2020/11/9782228924870.jpg 220w, https://www.fg-berlin.eu/blogs/langues-anciennes/wp-content/uploads/sites/31/2020/11/9782228924870-205x300.jpg 205w" sizes="auto, (max-width: 220px) 100vw, 220px" /></figure></div>
</div></div>



<hr class="wp-block-separator" />



<h3 class="has-accent-color has-text-color wp-block-heading">Romans</h3>



<div class="wp-block-media-text alignwide has-media-on-the-right is-stacked-on-mobile"><figure class="wp-block-media-text__media"><img loading="lazy" decoding="async" width="195" height="322" src="https://www.fg-berlin.eu/blogs/langues-anciennes/wp-content/uploads/sites/31/2020/11/51BLMHTqNqL._SX195_.jpg" alt="" class="wp-image-345" srcset="https://www.fg-berlin.eu/blogs/langues-anciennes/wp-content/uploads/sites/31/2020/11/51BLMHTqNqL._SX195_.jpg 195w, https://www.fg-berlin.eu/blogs/langues-anciennes/wp-content/uploads/sites/31/2020/11/51BLMHTqNqL._SX195_-182x300.jpg 182w" sizes="auto, (max-width: 195px) 100vw, 195px" /></figure><div class="wp-block-media-text__content">
<p>La série de romans policiers de <strong>Petros Markaris</strong> sur l&rsquo;Athènes moderne en temps de crise économique :</p>



<ul class="wp-block-list" id="block-4435e8b9-4d01-4465-b6f9-16cbb0c7d276"><li><em>Liquidations à la grecque</em></li><li><em>L&#8217;empoisonneuse d&rsquo;Istanbul</em></li><li><em>Pain, éducation, liberté</em></li><li><em>Le justicier d&rsquo;Athènes</em></li><li><em>Epilogue meurtrier</em></li></ul>



<p><em><strong>Alexis Zorba &#8211; </strong></em><strong>Nikos Kazantzaki</strong><br>« Avec beaucoup de talent, Kazantzaki a doté Zorba d’une bonhomie naturelle, d’une souriante philosophie de la vie, qui font défaut aux aigris. » <em>Le Monde</em></p>



<div class="wp-block-image"><figure class="aligncenter size-large"><a href="https://www.franceinter.fr/emissions/ca-peut-pas-faire-de-mal/ca-peut-pas-faire-de-mal-28-septembre-2019"><img loading="lazy" decoding="async" width="250" height="410" src="https://www.fg-berlin.eu/blogs/langues-anciennes/wp-content/uploads/sites/31/2020/11/bm_CVT_Alexis-Zorba_1969.jpg" alt="" class="wp-image-346" srcset="https://www.fg-berlin.eu/blogs/langues-anciennes/wp-content/uploads/sites/31/2020/11/bm_CVT_Alexis-Zorba_1969.jpg 250w, https://www.fg-berlin.eu/blogs/langues-anciennes/wp-content/uploads/sites/31/2020/11/bm_CVT_Alexis-Zorba_1969-183x300.jpg 183w" sizes="auto, (max-width: 250px) 100vw, 250px" /></a></figure></div>
</div></div>



<hr class="wp-block-separator" />



<h3 class="has-accent-color has-text-color wp-block-heading">Manga</h3>



<div class="wp-block-media-text alignwide has-media-on-the-right is-stacked-on-mobile"><figure class="wp-block-media-text__media"><img loading="lazy" decoding="async" width="433" height="600" src="https://www.fg-berlin.eu/blogs/langues-anciennes/wp-content/uploads/sites/31/2020/11/as-astra-1-ki-oon.jpg" alt="" class="wp-image-329" srcset="https://www.fg-berlin.eu/blogs/langues-anciennes/wp-content/uploads/sites/31/2020/11/as-astra-1-ki-oon.jpg 433w, https://www.fg-berlin.eu/blogs/langues-anciennes/wp-content/uploads/sites/31/2020/11/as-astra-1-ki-oon-217x300.jpg 217w" sizes="auto, (max-width: 433px) 100vw, 433px" /></figure><div class="wp-block-media-text__content">
<h4 class="wp-block-heading"><em>Ad Astra&nbsp;</em>&#8211; Kagano Mihachi</h4>



<p>Ce manga présente un récit de la 2e guerre punique qui opposa Scipion l&rsquo;Africain et Hannibal Barca. <br>En 13 épisodes, la bande-dessinée creuse la psychologie des personnages et donne vie à cet épisode célèbre de l&rsquo;Histoire romaine avec force détails, notamment concernant les batailles, restituées avec dynamisme et précision.<br>Les différents volumes de ce manga sont très vite dévorés et laissent le sentiment d&rsquo;avoir plongé quelque temps dans cet épisode crucial de l&rsquo;histoire de Rome, malgré quelques inexactitudes qui passent facilement inaperçues et que l&rsquo;on pardonne bien volontiers à leur auteur.</p>



<div class="wp-block-buttons is-layout-flex wp-block-buttons-is-layout-flex">
<div class="wp-block-button is-style-fill"><a class="wp-block-button__link" href="https://www.manga-news.com/index.php/serie/Ad-Astra-Scipion-lafricain-Hanibal-Barca">Critique</a></div>
</div>
</div></div>



<div class="wp-block-media-text alignwide is-stacked-on-mobile"><figure class="wp-block-media-text__media"><img loading="lazy" decoding="async" width="300" height="168" src="https://www.fg-berlin.eu/blogs/langues-anciennes/wp-content/uploads/sites/31/2020/11/images.jpeg" alt="" class="wp-image-333" /></figure><div class="wp-block-media-text__content">
<h4 class="wp-block-heading">Thermae Romae &#8211; &nbsp;<strong>Mari Yamazaki</strong></h4>



<p>Manga surprenant en six volumes où l&rsquo;on suit les aventures d&rsquo;un architecte romain de l&rsquo;époque d&rsquo;Hadrien. Après des pertes de conscience, le héros se réveille dans le Japon d&rsquo;aujourd&rsquo;hui. Spécialisé dans la conception de thermes, l&rsquo;architecte se laisse influencer par les découvertes faites au Japon. <br>Ce manga connaît également une adaptation filmique.</p>
</div></div>



<div class="wp-block-media-text alignfull has-media-on-the-right is-stacked-on-mobile"><figure class="wp-block-media-text__media"><img loading="lazy" decoding="async" width="500" height="430" src="https://www.fg-berlin.eu/blogs/langues-anciennes/wp-content/uploads/sites/31/2020/11/Mari_Yamazaki_Miki_Tori_03.jpg" alt="" class="wp-image-349" srcset="https://www.fg-berlin.eu/blogs/langues-anciennes/wp-content/uploads/sites/31/2020/11/Mari_Yamazaki_Miki_Tori_03.jpg 500w, https://www.fg-berlin.eu/blogs/langues-anciennes/wp-content/uploads/sites/31/2020/11/Mari_Yamazaki_Miki_Tori_03-300x258.jpg 300w" sizes="auto, (max-width: 500px) 100vw, 500px" /></figure><div class="wp-block-media-text__content">
<h4 class="wp-block-heading">Pline &#8211; &nbsp;Mari Yamazaki et Miki Tori</h4>



<p>Après le très réussi <em>Thermae Romae</em>, l&rsquo;auteur s&rsquo;est attelé à un nouveau projet : la biographie du savant Pline l&rsquo;Ancien en manga. </p>



<p>La série est encore en cours d&rsquo;écriture et compte déjà 9 volumes.</p>



<div class="wp-block-buttons is-layout-flex wp-block-buttons-is-layout-flex">
<div class="wp-block-button"><a class="wp-block-button__link" href="https://www.manga-news.com/index.php/serie/Pline">Critique</a></div>
</div>
</div></div>



<figure class="wp-block-image alignwide size-large"><img loading="lazy" decoding="async" width="1024" height="560" src="https://www.fg-berlin.eu/blogs/langues-anciennes/wp-content/uploads/sites/31/2020/11/pline-casterman-annonce-1024x560.jpg" alt="" class="wp-image-337" srcset="https://www.fg-berlin.eu/blogs/langues-anciennes/wp-content/uploads/sites/31/2020/11/pline-casterman-annonce-1024x560.jpg 1024w, https://www.fg-berlin.eu/blogs/langues-anciennes/wp-content/uploads/sites/31/2020/11/pline-casterman-annonce-300x164.jpg 300w, https://www.fg-berlin.eu/blogs/langues-anciennes/wp-content/uploads/sites/31/2020/11/pline-casterman-annonce-768x420.jpg 768w, https://www.fg-berlin.eu/blogs/langues-anciennes/wp-content/uploads/sites/31/2020/11/pline-casterman-annonce.jpg 1117w" sizes="auto, (max-width: 1024px) 100vw, 1024px" /></figure>



<p></p>

<p>Vous trouverez sur cette page des conseils de lecture. Ouvrages scientifiques Romans Manga Thermae Romae &#8211; &nbsp;Mari Yamazaki Manga surprenant en six volumes où l&rsquo;on suit les aventures d&rsquo;un architecte romain de l&rsquo;époque d&rsquo;Hadrien. Après des pertes de conscience, le héros se réveille dans le Japon d&rsquo;aujourd&rsquo;hui. Spécialisé dans la [&hellip;]</p>
