{"id":7,"date":"2019-10-28T11:26:45","date_gmt":"2019-10-28T10:26:45","guid":{"rendered":"http:\/\/www.fg-berlin.eu\/blogs\/developpement-durable\/?page_id=7"},"modified":"2025-12-16T15:16:44","modified_gmt":"2025-12-16T14:16:44","slug":"about","status":"publish","type":"page","link":"https:\/\/www.fg-berlin.eu\/blogs\/developpement-durable\/about\/","title":{"rendered":"Pr\u00e9sentation"},"content":{"rendered":"\n<p class=\"wp-block-paragraph\">Bienvenu.e sur le site du projet de d\u00e9veloppement durable du Lyc\u00e9e Fran\u00e7ais de Berlin ! <\/p>\n\n\n\n<p class=\"wp-block-paragraph\">Depuis 2018, le FG s\u00b4est engag\u00e9 dans une d\u00e9marche globale de d\u00e9veloppement durable. Ce projet regroupe les \u00e9l\u00e8ves, les professeurs, les parents, la direction et les \u00e9quipes du FG pour \u00e9laborer <strong>un projet partag\u00e9 de d\u00e9veloppement durable dans tous les aspects de la vie du lyc\u00e9e <\/strong>: enseignements, vie scolaire, gestion du b\u00e2timent, partenariats&#8230;<\/p>\n\n\n\n<p class=\"wp-block-paragraph\">Vous trouverez sur ce site toutes les informations sur la d\u00e9marche et des nouvelles r\u00e9guli\u00e8res des projets mis en place.<\/p>\n\n\n\n<p class=\"wp-block-paragraph\"><\/p>\n","protected":false},"excerpt":{"rendered":"<p>Bienvenu.e sur le site du projet de d\u00e9veloppement durable du Lyc\u00e9e Fran\u00e7ais de Berlin ! Depuis 2018, le FG s\u00b4est engag\u00e9 dans une d\u00e9marche globale de d\u00e9veloppement durable. Ce projet regroupe les \u00e9l\u00e8ves, les professeurs, les parents, la direction et les \u00e9quipes du FG pour \u00e9laborer un projet partag\u00e9 de d\u00e9veloppement durable dans tous les<a class=\"read-more \" href=\"https:\/\/www.fg-berlin.eu\/blogs\/developpement-durable\/about\/\" title=\"Read More\"> <span class=\"button default\">Read More<\/span><\/a><\/p>\n","protected":false},"author":578,"featured_media":0,"parent":0,"menu_order":0,"comment_status":"closed","ping_status":"closed","template":"","meta":{"_crdt_document":"","footnotes":""},"class_list":["post-7","page","type-page","status-publish","hentry"],"_links":{"self":[{"href":"https:\/\/www.fg-berlin.eu\/blogs\/developpement-durable\/wp-json\/wp\/v2\/pages\/7","targetHints":{"allow":["GET"]}}],"collection":[{"href":"https:\/\/www.fg-berlin.eu\/blogs\/developpement-durable\/wp-json\/wp\/v2\/pages"}],"about":[{"href":"https:\/\/www.fg-berlin.eu\/blogs\/developpement-durable\/wp-json\/wp\/v2\/types\/page"}],"author":[{"embeddable":true,"href":"https:\/\/www.fg-berlin.eu\/blogs\/developpement-durable\/wp-json\/wp\/v2\/users\/578"}],"replies":[{"embeddable":true,"href":"https:\/\/www.fg-berlin.eu\/blogs\/developpement-durable\/wp-json\/wp\/v2\/comments?post=7"}],"version-history":[{"count":8,"href":"https:\/\/www.fg-berlin.eu\/blogs\/developpement-durable\/wp-json\/wp\/v2\/pages\/7\/revisions"}],"predecessor-version":[{"id":535,"href":"https:\/\/www.fg-berlin.eu\/blogs\/developpement-durable\/wp-json\/wp\/v2\/pages\/7\/revisions\/535"}],"wp:attachment":[{"href":"https:\/\/www.fg-berlin.eu\/blogs\/developpement-durable\/wp-json\/wp\/v2\/media?parent=7"}],"curies":[{"name":"wp","href":"https:\/\/api.w.org\/{rel}","templated":true}]}}

Présentation

<p class="wp-block-paragraph">Bienvenu.e sur le site du projet de développement durable du Lycée Français de Berlin ! </p>



<p class="wp-block-paragraph">Depuis 2018, le FG s´est engagé dans une démarche globale de développement durable. Ce projet regroupe les élèves, les professeurs, les parents, la direction et les équipes du FG pour élaborer <strong>un projet partagé de développement durable dans tous les aspects de la vie du lycée </strong>: enseignements, vie scolaire, gestion du bâtiment, partenariats&#8230;</p>



<p class="wp-block-paragraph">Vous trouverez sur ce site toutes les informations sur la démarche et des nouvelles régulières des projets mis en place.</p>



<p class="wp-block-paragraph"></p>

<p>Bienvenu.e sur le site du projet de développement durable du Lycée Français de Berlin ! Depuis 2018, le FG s´est engagé dans une démarche globale de développement durable. Ce projet regroupe les élèves, les professeurs, les parents, la direction et les équipes du FG pour élaborer un projet partagé de développement durable dans tous les<a class="read-more " href="https://www.fg-berlin.eu/blogs/developpement-durable/about/" title="Read More"> <span class="button default">Read More</span></a></p>
